{"id":66,"date":"2021-12-04T20:38:58","date_gmt":"2021-12-04T20:38:58","guid":{"rendered":"http:\/\/andresmoyaterapeuta.com\/?page_id=66"},"modified":"2022-06-20T23:32:20","modified_gmt":"2022-06-20T23:32:20","slug":"formacion","status":"publish","type":"page","link":"https:\/\/andresmoyaterapeuta.com\/index.php\/formacion\/","title":{"rendered":"Certificaciones"},"content":{"rendered":"\n<figure class=\"wp-block-image size-large\"><img loading=\"lazy\" decoding=\"async\" width=\"1024\" height=\"768\" src=\"https:\/\/andresmoyaterapeuta.com\/wp-content\/uploads\/2022\/02\/foto-de-Andres-1024x768.jpeg\" alt=\"\" class=\"wp-image-135\" srcset=\"https:\/\/andresmoyaterapeuta.com\/wp-content\/uploads\/2022\/02\/foto-de-Andres-1024x768.jpeg 1024w, https:\/\/andresmoyaterapeuta.com\/wp-content\/uploads\/2022\/02\/foto-de-Andres-300x225.jpeg 300w, https:\/\/andresmoyaterapeuta.com\/wp-content\/uploads\/2022\/02\/foto-de-Andres-768x576.jpeg 768w, https:\/\/andresmoyaterapeuta.com\/wp-content\/uploads\/2022\/02\/foto-de-Andres-1536x1152.jpeg 1536w, https:\/\/andresmoyaterapeuta.com\/wp-content\/uploads\/2022\/02\/foto-de-Andres.jpeg 2048w\" sizes=\"auto, (max-width: 1024px) 100vw, 1024px\" \/><figcaption>Andr\u00e9s Moya<\/figcaption><\/figure>\n\n\n\n<figure class=\"wp-block-image size-large\"><img loading=\"lazy\" decoding=\"async\" width=\"1024\" height=\"577\" src=\"http:\/\/andresmoyaterapeuta.com\/wp-content\/uploads\/2021\/12\/formaciones-1024x577.png\" alt=\"\" class=\"wp-image-67\" srcset=\"https:\/\/andresmoyaterapeuta.com\/wp-content\/uploads\/2021\/12\/formaciones-1024x577.png 1024w, https:\/\/andresmoyaterapeuta.com\/wp-content\/uploads\/2021\/12\/formaciones-300x169.png 300w, https:\/\/andresmoyaterapeuta.com\/wp-content\/uploads\/2021\/12\/formaciones-768x433.png 768w, https:\/\/andresmoyaterapeuta.com\/wp-content\/uploads\/2021\/12\/formaciones-1536x865.png 1536w, https:\/\/andresmoyaterapeuta.com\/wp-content\/uploads\/2021\/12\/formaciones.png 1640w\" sizes=\"auto, (max-width: 1024px) 100vw, 1024px\" \/><\/figure>\n\n\n\n<ul class=\"wp-block-list\"><li>Certificaci\u00f3n internacional en Coaching e Inteligencia Emocional en el instituto de Estudios Superiores en Coaching. IESEC HUMAN.<\/li><\/ul>\n\n\n\n<ul class=\"wp-block-list\"><li>Formaci\u00f3n intensiva en PNL \u00abFirewalking\u00bb con el Grupo Aldekoa Training.<\/li><\/ul>\n\n\n\n<ul class=\"wp-block-list\"><li>Formaci\u00f3n en Oratoria y Relaciones Humanas en el Instituto Dale Carneggie.<\/li><\/ul>\n\n\n\n<ul class=\"wp-block-list\"><li>Certificaci\u00f3n en Coaching por Valores por la ICF (Internacional&nbsp; Coaching federaci\u00f3n).<\/li><\/ul>\n\n\n\n<ul class=\"wp-block-list\"><li>Formaci\u00f3n en T\u00e9cnicas de Negociaci\u00f3n en Fomento del Trabajo de Barcelona<\/li><\/ul>\n\n\n\n<ul class=\"wp-block-list\"><li>Wingwave Coaching (EMDR, Kinesiolog\u00eda, PNL) en Institut Gestalt de Barcelona.<\/li><\/ul>\n\n\n\n<ul class=\"wp-block-list\"><li>Wingwave Coaching (EMDR, Kinesiolog\u00eda, PNL) en Institut Gestalt de Barcelona.<\/li><\/ul>\n\n\n\n<ul class=\"wp-block-list\"><li>Investigacion y desarrollo en t\u00e9cnicas de liberaci\u00f3n Emocional (EFT, Emo Trance, EMDR, TAT).<\/li><\/ul>\n\n\n\n<ul class=\"wp-block-list\"><li>Formado como Formador de Formadores en Training Consultants &amp; Partners.<\/li><\/ul>\n\n\n\n<ul class=\"wp-block-list\"><li>M\u00e1ster en Hipnosis Directa Trasformacional en escuela Hipnosis Directa 24 horas.<\/li><\/ul>\n","protected":false},"excerpt":{"rendered":"<p>Certificaci\u00f3n internacional en Coaching e Inteligencia Emocional en el instituto de Estudios Superiores en Coaching. IESEC HUMAN. Formaci\u00f3n intensiva en PNL \u00abFirewalking\u00bb con el Grupo Aldekoa Training. Formaci\u00f3n en Oratoria y Relaciones Humanas en el Instituto Dale Carneggie. Certificaci\u00f3n en Coaching por Valores por la ICF (Internacional&nbsp; Coaching federaci\u00f3n). Formaci\u00f3n [&hellip;]<\/p>\n","protected":false},"author":1,"featured_media":0,"parent":0,"menu_order":0,"comment_status":"closed","ping_status":"closed","template":"","meta":{"_joinchat":{"telephone":"+34607895848"},"footnotes":""},"class_list":["post-66","page","type-page","status-publish","hentry"],"jetpack_sharing_enabled":true,"_links":{"self":[{"href":"https:\/\/andresmoyaterapeuta.com\/index.php\/wp-json\/wp\/v2\/pages\/66","targetHints":{"allow":["GET"]}}],"collection":[{"href":"https:\/\/andresmoyaterapeuta.com\/index.php\/wp-json\/wp\/v2\/pages"}],"about":[{"href":"https:\/\/andresmoyaterapeuta.com\/index.php\/wp-json\/wp\/v2\/types\/page"}],"author":[{"embeddable":true,"href":"https:\/\/andresmoyaterapeuta.com\/index.php\/wp-json\/wp\/v2\/users\/1"}],"replies":[{"embeddable":true,"href":"https:\/\/andresmoyaterapeuta.com\/index.php\/wp-json\/wp\/v2\/comments?post=66"}],"version-history":[{"count":7,"href":"https:\/\/andresmoyaterapeuta.com\/index.php\/wp-json\/wp\/v2\/pages\/66\/revisions"}],"predecessor-version":[{"id":157,"href":"https:\/\/andresmoyaterapeuta.com\/index.php\/wp-json\/wp\/v2\/pages\/66\/revisions\/157"}],"wp:attachment":[{"href":"https:\/\/andresmoyaterapeuta.com\/index.php\/wp-json\/wp\/v2\/media?parent=66"}],"curies":[{"name":"wp","href":"https:\/\/api.w.org\/{rel}","templated":true}]}}